
-4
5 - 5 - 5 - 0
-5
4 + -1 + (-15 - -10)
-2
What is (-3 - -3) + 1 + 1 - 3?
-1
What is the value of 1 - (1 - (3 - (8 + -4)))?
-1
Evaluate -8 - (-2 + 11 + -18).
1
What is the value of -11 + 15 + (-9 - 1)?
-6
Calculate (-7 + 5 - -6) + -4.
0
Evaluate (-4 - -2) + 1 + (7 - 2).
4
10 + (0 - (1 + 3)) + -3
3
What is the value of 7 + (1 - 4 - 5) - -4?
3
Evaluate (2 - (3 - -4)) + 5 + -2.
-2
29 + -25 - (-2 - (-4 + 4))
6
-3 - -4 - (8 + 1 + -3)
-5
-8 - (2 - 7) - (-2 - 1)
0
-3 + (6 - (5 - 5))
3
What is the value of 1 - (2 + -7) - (-38 - -41)?
3
What is 9 + 6 + -3 - 16?
-4
What is the value of (3 - 12) + 1 - -3?
-5
Calculate -1 - (0 + 0 + -1).
0
-6 + -1 + 5 + 18 + -16
0
What is the value of -2 - -19 - (50 + -40)?
7
1 - (-1 + 4 + (-5 - -6))
-3
-9 + 1 + -9 + 13
-4
0 - (3 + 3 + -1 + -1)
-4
What is the value of (3 - 1) + (3 - 0)?
5
Calculate (0 - 1) + (-4 - (-3 + 0)).
-2
What is -6 + 6 + (0 - -1) + 4?
5
Evaluate -4 + 9 + -2 - (2 - 0).
1
Evaluate 2 + (6 - (-6 + 13 - 4)).
5
What is the value of 149 + -143 + (-2 + 1 - 0)?
5
2 + (-1 + 5 - 2) + -5
-1
0 + 2 - ((11 - -1) + -3)
-7
Calculate -4 + 3 + -5 + -6 + 4.
-8
-4 + (-2 + -4 - (-10 - -1))
-1
What is -5 + 9 + -4 - (-7 - -8)?
-1
Evaluate -516 + 510 - (0 + 0 + -8).
2
Calculate 5 + 2 + -4 + (1 - 3).
1
(-14 - -14) + 10 - 0
10
Evaluate (-14 - (-5 + -4)) + 8.
3
-6 - -1 - (-4 + 17 - 11)
-7
1 + (8 - 4 - 4) + 7
8
Calculate -1 + 4 + 2 + (4 - 7).
2
Calculate -10 + 11 - ((-2 - 1) + 8).
-4
Evaluate 8 + 7 + -25 + 7.
-3
Evaluate 13 - 16 - (2 + -5) - 2.
-2
Calculate (0 - -11) + -7 + -5.
-1
-2 + (-4 - -1) + 6 + 1
2
Calculate (8 - 1) + -5 - 1.
1
(6 - 21) + 7 + 6
-2
What is -1 - -8 - (-24 - -22)?
9
Evaluate (1 - 1) + -104 + 97.
-7
Calculate 0 + (-6 - -3 - -3).
0
Calculate 5 - 0 - (2 + (-3 - -1)).
5
2 - 0 - (-8 - -9) - -4
5
What is the value of -9 + (0 - 0) + 10 + -4?
-3
Evaluate -20 - -19 - (-8 - (0 + -2)).
5
-4 + -11 + 22 + -11
-4
What is (-11 - -2 - (-18 - -14)) + -2?
-7
What is (7 - 3) + -6 + (-2 - -1)?
-3
Evaluate -5 - 0 - -3 - -6.
4
What is the value of -9 + (-2 - 4 - -12)?
-3
What is 0 - ((-12 - -21) + -3)?
-6
What is the value of (-5 - -7 - 6) + -1?
-5
Calculate -2 + 1 - 2 - -8.
5
Calculate 0 + -1 + 8 - (4 + 2).
1
Evaluate -15 + 20 + 2 + -3.
4
What is the value of (-3 - (2 + -11)) + -37 + 38?
7
What is the value of 1 - (-3 - (-9 - -11))?
6
What is the value of 0 + (3 - (-1 - (-1 + 2)))?
5
What is 10 + -3 - (-3 - -7)?
3
(4 - 0 - (11 - 5)) + 3
1
What is (-2 - -2) + (8 - 20 - -5)?
-7
Calculate 4 - 5 - (-2 + 3).
-2
Evaluate 3 - -1 - ((-5 - -3) + 5).
1
Calculate (4 - (-2 - -3)) + 6 + -5.
4
What is -1 + -1 - (4 - 2)?
-4
Evaluate -16 + 5 + 18 + -9.
-2
What is 0 + -1 + 2 + 0 + 0?
1
Calculate (-9 - (-2 - 2)) + 1.
-4
-2 - (-8 + 10 + -6)
2
(4 + -1 - -5) + 4 + -2
10
2 + 3 + 5 - 5
5
Calculate 29 + -37 - (-1 + -1).
-6
Calculate (19 - 4) + -15 - (-5 - 1).
6
What is the value of (-10 - -1 - (-31 + 28)) + 3?
-3
What is the value of 7 + (0 - (-3 + 4)) + 0?
6
Calculate 6 + -2 + (-1 - -3) + -4.
2
What is -1 + -3 + 0 + 1?
-3
Calculate 0 - -1 - ((-10 - -4) + 9).
-2
Evaluate 9 + -6 + (-1 - -5).
7
What is 0 + (-9 - -5) + 0?
-4
What is the value of 1 - (1 + -1 + -1) - 1?
1
What is 7 - (2 + (14 - 4))?
-5
Calculate -3 - (-1 - (6 - 3)).
1
What is the value of 2 - 3 - (-3 - (-3 + 5))?
4
What is the value of (1 - 17) + 14 + (-1 - -2)?
-1
What is the value of 13 - ((2 - -5) + 0)?
6
(1 - 1) + -4 + -4 + 7
-1
Evaluate (-11 - -16 - -1) + 3.
9
Evaluate (0 - 0 - -5) + -68 + 60.
-3
What is the value of 116 + -116 - (1 - (0 - -1))?
0
What is the value of -5 - (-12 - -3 - (2 + -5))?
1
-1 - ((-3 - 2) + 2)
2
Calculate (-8 - -7) + (5 - 0).
4
4 + (-4 - 4) + 0
-4
(-4 - -2) + (-5 - -9)
2
Evaluate 11 + (8 - (25 - 9)).
3
What is the value of 12 - 11 - (0 + 3)?
-2
Evaluate -122 + 116 - (0 - 1).
-5
5 - (-1 - ((-2 - 2) + 3))
5
What is 2 + -2 + -1 + 2 + -2?
-1
What is the value of -2 + (-6 - -6) - (0 - 2)?
0
Evaluate -4 + 3 + (2 - (-2 + -2)).
5
(-2 - ((6 - 5) + 0)) + 2
-1
2 + (-2 - 4 - -8) + -12
-8
What is the value of 1 - (5 + 1 - 1 - 5)?
1
-3 - (3 + -7 + (-1 - 5))
7
Evaluate -3 - -2 - 6 - -2.
-5
What is (12 - 11) + -4 + 1?
-2
What is the value of 7 + -7 + 10 + -5 + 1?
6
What is the value of 6 + 6 - 18 - (-10 + 0)?
4
Calculate -10 - -6 - (-1 - 1).
-2
Evaluate 3 + -2 - (-1 - 2).
4
0 + (2 - (10 + -1))
-7
What is the value of 3 + (-2 - 3) + 3?
1
What is the value of 4 + (-5 - (4 + -9))?
4
(-72 - -63) + 1 + -1
-9
5 + (-12 - (-3 + -4))
0
Evaluate 19 + -19 - (-1 - (-1 - -2)).
2
What is the value of 1 - 2 - ((-15 - -10) + 12)?
-8
5 + (-6 - -7) + 0
6
What is (2 - 2) + -5 + -2 + 8?
1
Calculate -7 - (-2 + -7 + 2).
0
Evaluate -8 - (-6 - -3) - 1.
-6
Calculate -6 + (-3 - -7) + 0 + 4.
2
Calculate 5 + -1 + -1 - (3 + 4).
-4
Evaluate -4 + -5 + 19 + -5.
5
What is (1 - 2) + -3 + 3?
-1
104 - 93 - ((2 - 1) + 0)
10
Evaluate -6 + 0 + 9 + -7.
-4
Calculate 0 - (8 + -5) - (0 + 0).
-3
Calculate -3 - (-5 + (0 - -2)).
0
(-70 - -67) + 1 + -1
-3
What is 3 + -3 - (7 - 3 - -6)?
-10
Evaluate -3 + (1 - -1 - (1 - 2)).
0
What is the value of -7 + (6 - 1) + 1 + 4?
3
-9 - (1 - (9 - (-3 - -7)))
-5
(6 - 6 - -4) + -1
3
Evaluate -2 - -5 - -3 - 1.
5
Calculate 0 + (6 - 3) + 1.
4
Evaluate -6 + 0 - (-5 + 4).
-5
(4 - 5) + (0 - 1)
-2
Calculate -6 + 3 - (-5 - -3).
-1
What is the value of -4 + 8 + -3 + -3?
-2
What is 6 + (2 - 4) - (3 - -7)?
-6
Calculate -7 - (-6 - -7 - 13).
5
What is -2 - (4 + 0 - (-5 + 13))?
2
1 + (1 - (1 - 0))
1
Evaluate -8 + 1 + (-31 - -43).
5
What is (-15 - -14) + -3 + 1 + -2?
-5
Evaluate (-1 - -4) + 25 + -26.
2
Evaluate 2 - (2 + -3) - (6 - 10).
7
What is the value of -22 + (3 - -15) + (1 - -1)?
-2
Evaluate 1 + 14 + -8 + -4.
3
6 + -1 - (-2 - (-7 + -3))
-3
What is the value of 9 + (-9 - 6) + 12?
6
Calculate (12 - (9 - (-1 + 6))) + -3.
5
Calculate (-9 - 0) + 5 - -5.
1
Calculate 12 + -8 + 0 - 8.
-4
Evaluate -26 + 32 + (1 - 1) - 3.
3
Calculate 22 - 27 - (1 - 1).
-5
What is 0 + 5 - (1 + 7 + 2)?
-5
What is 0 + 2 + -1 + -48 + 46?
-1
-5 + (2 - -2) - 1
-2
Evaluate -6 + (7 - 11) - 0.
-10
What is the value of 5 + (6 + (-2 - 0) - 14)?
-5
(2 - 0 - 1) + 4
5
What is 2 + -6 + (-6 - -10) + -5?
-5
Evaluate (-8 - (-10 - (8 + -13))) + -2.
-5
Evaluate -4 + (6 - 2) - 0.
0
What is the value of -4 - -7 - (0 - -4)?
-1
Calculate 1 + 2 + 4 - 3.
4
Calculate 28 + -23 - (0 - (-4 - -4)).
5
-3 - (8 - 8) - (0 + -4)
1
0 - (1 + 0) - 0
-1
Calculate -6 - -3 - 1 - -9.
5
Calculate -2 + (1 - 3) + (-3 - -4).
-3
What is the value of -4 - (0 - -1) - (-33 - -33)?
-5
Evaluate -9 - ((-1 - 4) + -1).
-3
What is the value of (-7 + (2 - 3) - -2) + 1?
-5
What is -5 - (-15 + -4) - (8 + -2)?
8
Calculate -18 - -14 - (-3 - (-9 - 0)).
-10
Evaluate -62 + 47 - (-10 - -4).
-9
1 - -2 - 6 - (-4 - -4)
-3
-50 + 54 - (-2 - 1)
7
What is the value of 0 + 11 + -200 + 190?
1
What is -4 - 4 - (-7 + 6)?
-7
-15 + 10 - (-3 + (3 - 0))
-5
(-21 - -11) + 1 - -13
4
-1 + 1 + 3 - (6 - 13)
10
What is the value of (-40 - -43 - (-3 - 1)) + -7?
0
What is -1 - (-2 + (-10 - -6))?
5
(-1 - 0) + 2 + 8 - 4
5
What is 1 - -1 - (-4 - (9 + -10))?
5
What is 3 + -12 + 4 + 1?
-4
Evaluate -3 + 9 - (-2 + 0 - -5).
3
What is the value of -5 + (-1 - 4 - (-64 - -50))?
4
What is -3 - 1 - (-2 + 1 + 0)?
-3
What is 3 + 0 + (-2 - 3) + -3?
-5
What is (2 - -3) + (4 - 11)?
-2
What is 8 - (5 + -4 + 1)?
6
(-4 - -4) + (0 - 1)
-1
Calculate 15 - (-9 + 34) - (0 - 8).
-2
Evaluate -5 - (-5 + (3 - -2)).
-5
Calculate 4 + 6 + -5 + -3.
2
Evaluate (-11 - (-15 + 7)) + (3 - -1).
1
Calculate 10 + (-6 - (5 - 4)).
3
What is (3 - -2 - 2) + -1?
2
Calculate 10 + (-7 - -5) - (0 + 2).
6
Evaluate 0 - (-8 + (-5 - -7)).
6
23 + 8 + -10 + -12
9
Calculate (0 - (5 + 2)) + (4 - -1).
-2
Calculate 3 + (5 - 3) + -1.
4
What is the value of 1 + (-2 - -1) + 1 + -2?
-1
What is the value of 45 - 45 - (1 - (-3 - -1))?
-3
Calculate (4 - (-6 - -2) - 4) + -4.
0
Calculate -3 + -1 + 1 + 3.
0
What is -4 + 6 + -6 + 3 - -9?
8
What is the value of -4 - -6 - (4 + -1)?
-1
Calculate 0 - 1 - (1 - -1).
-3
6 - (6 + 7) - -7
0
4 - (-2 - 0) - (-73 + 80)
-1
What is the value of 12 + -9 + 0 + -1?
2
What is 1 - -8 - (-9 - -2 - -12)?
4
-8 + 16 + -10 + 4
2
Evaluate 1 + 1 + -1 + 4.
5
What is the value of -3 - -3 - -3 - (6 - 1)?
-2
Evaluate 20 + (-9 - 17) + 13.
7
Calculate -2 + (-3 - (-10 - -4)).
1
4 - 1 - (5 - 0)
-2
What is 3 + (7 - ((5 - -8) + 4))?
-7
0 + (-10 + 1 - -5)
-4
